
True
Is 6644884639 prime?
False
Is 139982581 composite?
True
Is 4808943861 prime?
False
Is 359428217 a prime number?
True
Is 168582843851 a prime number?
True
Is 54459087911 a prime number?
True
Is 190327091 prime?
True
Is 54391164509 a composite number?
True
Is 163314667673 a composite number?
False
Is 55260819371 a prime number?
True
Is 9849674899 prime?
False
Is 3473757223 composite?
False
Is 90848574061 composite?
True
Is 1273200077 a composite number?
False
Is 459526241 a prime number?
True
Is 2718481613 composite?
False
Is 28742781017 composite?
True
Is 90430003 prime?
False
Is 1339650703 a composite number?
False
Is 4924258631 composite?
True
Is 1962043563 prime?
False
Is 3357750313 prime?
False
Is 79394573171 composite?
False
Is 738949283 a composite number?
True
Is 22155901333 composite?
True
Is 51459228643 composite?
False
Is 440840293 composite?
True
Is 496083959 a prime number?
False
Is 1226308669 prime?
False
Is 52655089 a composite number?
True
Is 31899630383 prime?
False
Is 7321333609 a prime number?
False
Is 26494513307 a composite number?
False
Is 15125112151 a prime number?
True
Is 9080544007 prime?
False
Is 3661716419 prime?
False
Is 2681033353 a composite number?
True
Is 34699239511 composite?
False
Is 6106953421 a composite number?
False
Is 205316933 composite?
True
Is 9794889373 a composite number?
True
Is 1992349211 prime?
False
Is 2492137507 a prime number?
True
Is 97990831 a composite number?
True
Is 973540627 composite?
False
Is 5495784341 prime?
False
Is 4170973343 a composite number?
True
Is 13854028777 composite?
False
Is 14531942327 prime?
False
Is 324538633 a prime number?
True
Is 31971918569 prime?
False
Is 9698696305 composite?
True
Is 4860637819 prime?
False
Is 1093200289 prime?
False
Is 3232130311 a prime number?
False
Is 67995662137 a prime number?
False
Is 9514971623 a composite number?
True
Is 2645184166 composite?
True
Is 9289544206 a prime number?
False
Is 26912054623 a composite number?
False
Is 259013441 a prime number?
False
Is 15629775613 composite?
True
Is 1653146314 a prime number?
False
Is 106005154 prime?
False
Is 88835608583 a composite number?
True
Is 58427766401 composite?
False
Is 62818841207 a prime number?
True
Is 7203111397 prime?
True
Is 1334377127 a composite number?
False
Is 2173166923 a prime number?
False
Is 9165122931 a prime number?
False
Is 1159321097 a prime number?
False
Is 11282254143 composite?
True
Is 360042666145 a prime number?
False
Is 5794291469 composite?
True
Is 13087539467 a composite number?
False
Is 1903291823 prime?
True
Is 177882049 composite?
False
Is 203821451 a prime number?
False
Is 89215137311 composite?
False
Is 466629707 composite?
True
Is 1715090701 a prime number?
False
Is 5410505351 prime?
True
Is 42275268247 prime?
True
Is 18437220311 prime?
False
Is 5267279249 prime?
True
Is 15706945669 prime?
False
Is 1324903379 composite?
False
Is 314849126 a composite number?
True
Is 2613751009 a composite number?
False
Is 426275456773 a prime number?
False
Is 7070462963 a prime number?
True
Is 63118847 prime?
False
Is 36548550899 a prime number?
False
Is 424125997 composite?
True
Is 6750831583 prime?
False
Is 1135357997 a composite number?
True
Is 489806609 a composite number?
False
Is 1012451 prime?
False
Is 13428336139 composite?
False
Is 2581215509 prime?
True
Is 2396381413 a prime number?
False
Is 123936929 a prime number?
True
Is 274855033 prime?
False
Is 6313518557 composite?
False
Is 900600407 a prime number?
False
Is 5135504431 composite?
False
Is 1233009679 composite?
True
Is 1253500853 a composite number?
True
Is 193163447 a composite number?
False
Is 13963326803 a prime number?
False
Is 22816318949 a composite number?
True
Is 319050091 composite?
True
Is 6686911993 composite?
False
Is 21725393237 a prime number?
True
Is 130922359 a composite number?
False
Is 22074791 a prime number?
False
Is 426082793 a prime number?
True
Is 129044006629 a prime number?
True
Is 4372461617 prime?
True
Is 55919503643 a prime number?
False
Is 462263089 a composite number?
True
Is 703135127 a prime number?
False
Is 475068809 a prime number?
False
Is 8145966963 composite?
True
Is 179266069907 a prime number?
True
Is 2584488007 composite?
False
Is 8270189657 composite?
False
Is 29389721827 composite?
True
Is 1045758199 prime?
False
Is 23603014147 a composite number?
True
Is 6365962019 composite?
False
Is 128870890111 a composite number?
False
Is 965704123 a composite number?
True
Is 379340999 a prime number?
False
Is 394570903 a composite number?
False
Is 158454295 prime?
False
Is 3994090651 prime?
False
Is 69044467553 a composite number?
False
Is 37273876021 a composite number?
False
Is 232767403 a prime number?
False
Is 10268596313 a prime number?
False
Is 31482445783 prime?
False
Is 81762005989 a prime number?
True
Is 48704509667 composite?
True
Is 2636569441 composite?
True
Is 1767502465 composite?
True
Is 2444020203 a composite number?
True
Is 216226531 a composite number?
False
Is 1174193807 a composite number?
False
Is 5740904089 a prime number?
True
Is 10692067187 prime?
True
Is 377191343 a composite number?
True
Is 8182246991 a composite number?
True
Is 47652739273 a prime number?
False
Is 7297051 a composite number?
False
Is 9670415327 a composite number?
False
Is 3510145099 a prime number?
False
Is 1141916779 composite?
True
Is 975257237 a prime number?
False
Is 44130626209 a prime number?
False
Is 1631392951 a composite number?
False
Is 1867892807 a composite number?
True
Is 63818368841 a prime number?
True
Is 129407576023 composite?
True
Is 6246963031 composite?
True
Is 1343596501 a prime number?
False
Is 7465354751 a prime number?
True
Is 19758880513 composite?
True
Is 10621314149 prime?
True
Is 17192903191 prime?
True
Is 775255847 a composite number?
False
Is 797456903 a prime number?
False
Is 1081316609 a composite number?
False
Is 12787761589 a prime number?
False
Is 6189163511 composite?
True
Is 5832458213 prime?
True
Is 1643061209 prime?
True
Is 576911087 a prime number?
True
Is 47800461089 prime?
False
Is 35977894333 a prime number?
True
Is 2646702311 prime?
False
Is 211108849 a composite number?
True
Is 385372513 a prime number?
True
Is 28314089201 a composite number?
False
Is 6692204579 a composite number?
False
Is 69074023 a prime number?
True
Is 13872311071 prime?
True
Is 305711717 a composite number?
False
Is 6089016487 prime?
True
Is 146309745883 composite?
True
Is 4838484401 a composite number?
True
Is 258565123 prime?
False
Is 8536086457 composite?
True
Is 3613726883 composite?
True
Is 1356825363 composite?
True
Is 28656098713 a composite number?
True
Is 51815663843 a prime number?
True
Is 6947721622 prime?
False
Is 1824892583 a composite number?
False
Is 212460137 composite?
False
Is 3975738643 composite?
True
Is 8034521351 composite?
True
Is 6311914541 prime?
False
Is 791228729 a composite number?
False
Is 57391838633 prime?
False
Is 675001213 a prime number?
True
Is 272630535614 a composite number?
True
Is 93598372099 a prime number?
False
Is 15739776617 prime?
False
Is 221966821 a prime number?
False
Is 56845933 a composite number?
False
Is 697262129 a composite number?
True
Is 7570679743 prime?
False
Is 8099362861 composite?
True
Is 19218986 prime?
False
Is 278890853 a prime number?
True
Is 1336550459 a prime number?
False
Is 269015922443 a prime number?
False
Is 1501431929 a prime number?
True
Is 10721780567 prime?
True
Is 3950746367 a prime number?
True
Is 23483917937 a prime number?
True
Is 83556871 composite?
False
Is 7505796187 composite?
True
Is 1953478921 prime?
True
Is 8406925589 prime?
True
Is 15454584797 composite?
True
Is 425083909 a composite number?
False
Is 12571490609 composite?
False
Is 6459929489 composite?
True
Is 83819500243 a prime number?
True
Is 1395175321 composite?
True
Is 16277544257 a prime number?
False
Is 229380403771 prime?
True
Is 4014764623 prime?
True
Is 1340532937 a composite number?
False
Is 1099731901 composite?
False
Is 16152020993 a composite number?
False
Is 893464849 a prime number?
True
Is 37076253811 a prime number?
True
Is 17095285039 composite?
True
Is 102362259887 composite?
False
Is 432000727 a composite number?
False
Is 936775703 a prime number?
False
Is 6462374563 a prime number?
False
Is 34904